 3*c**2 - 21*c - 126. Let t be d(-12). Calculate the highest common divisor of t and 18.
18
Suppose -12*h - 540 = -27*h. What is the highest common factor of h and 156?
12
Let f(z) = -25*z**3 - z - 1. Let d = 47 + -48. Let r be f(d). What is the greatest common factor of 225 and r?
25
Suppose 22 = p - 26. Calculate the highest common divisor of p and 128.
16
Let d = 185 + -184. Let l be 1*2/2*1. Let n = l + d. Calculate the highest common divisor of 2 and n.
2
Let i be (-8946)/(-24) - (3 - 18/8). Calculate the greatest common factor of i and 12.
12
Let n = -1 - -85. Suppose 0 = g - 5*g + 48. Calculate the greatest common divisor of n and g.
12
Let t(g) = -g**3 + g. Let b be t(0). Let s be 0 + b + (26 - 2). Suppose -4*c - 144 = -6*c. Calculate the greatest common factor of c and s.
24
Let y = -2 + 6. Suppose -3*p - 18 = -y*p. Suppose -2*q = -2*i - 4, -q + 0*q = 3*i - p. Calculate the highest common factor of 12 and q.
6
Let m = 296 - 146. Calculate the greatest common factor of m and 200.
50
Let n(q) = 7*q**2 + 18*q + 45. Let l be n(-3). What is the greatest common factor of l and 72?
18
Let n = -13 - -31. Let b(x) be the first derivative of -x**4/4 - 4*x**3/3 - 3*x**2/2 - 3*x - 7. Let c be b(-4). What is the greatest common divisor of n and c?
9
Suppose -25*n + 20*n = 10. Let f(r) = -4*r + 24. Let l be f(6). Let y be 6/n - l - -83. What is the greatest common factor of y and 32?
16
Suppose -115 + 133 = h. Suppose 3*r - 31 = 4*y, 2*r - 3*y - 18 = 3. What is the highest common divisor of h and r?
9
Let b = -17 - -24. Let y be 2/b - (-786)/42. Let w = 122 - -49. What is the greatest common divisor of w and y?
19
Let k(n) = n**3 + 14*n**2 + 4*n - 33. Let d be k(-13). Let f(w) = -w**3 - 10*w**2 - 6*w - 4. Let x be f(-10). Calculate the highest common factor of d and x.
28
Let n be 3/(102/(-12) - -10). Let g be 2*3/((-3)/(-7)). What is the highest common factor of g and n?
2
Let y = -5 + 9. Suppose -y*z - w + 27 = -64, -3*z + 67 = w. Suppose -3*l = l - 12. Calculate the greatest common divisor of z and l.
3
Let d be ((-20)/16)/((-2)/8). Let m(f) = 3*f**2 + 3*f + 2. Let v(s) = -2*s + 5. Let l be v(4). Let y be m(l). What is the highest common factor of d and y?
5
Let c = 185 - 149. Suppose 4*i + 196 = 5*o, 3*o - 88 = -0*o - 5*i. Suppose 0*k - 4*k + o = 0. What is the highest common divisor of k and c?
9
Let l be -6 - ((8 - 3) + -122). What is the greatest common divisor of l and 74?
37
Suppose -14*d - 4*a = -13*d - 109, 0 = 5*d - 4*a - 521. Calculate the greatest common divisor of d and 35.
35
Let a be (270/(-36)*1)/(2/(-92)). What is the greatest common divisor of a and 15?
15
Let r = -378 + 550. Calculate the highest common factor of r and 4.
4
Suppose -3*n - n = -8. Suppose -4*r + 7*v - n*v - 20 = 0, 5*r - 20 = -5*v. Suppose r = -6*l + 4*l + 432. Calculate the highest common factor of 27 and l.
27
Suppose 0 = -u + 5*u - 16, -22 = -3*f - 4*u. Suppose -3*g + 345 = -0*g + 3*n, -235 = -f*g - 3*n. What is the greatest common factor of 44 and g?
22
Suppose 0 = 2*w - 0*w, -2*o + 30 = 3*w. Let u be 363/o - (-32)/40. Calculate the highest common divisor of u and 100.
25
Suppose -51*j = -34*j - 16 - 35. Let f = 21 - 40. Let k = -7 - f. What is the greatest common factor of k and j?
3
Suppose -10*a - 98 = -2*f - 9*a, -4*f + 184 = -5*a. What is the highest common factor of f and 221?
17
Let p be 8/4 + 3 + -1 + 1. Let q = 28 + 1. Suppose 4*l - q = p*m + 16, -3*l = m - 29. Calculate the greatest common divisor of l and 90.
10
Suppose 0 = 2*r - 2*o - 72, 0*r - 4*o - 64 = -2*r. Let l = 52 - r. Calculate the greatest common factor of 30 and l.
6
Let k be (31 - 32)/(1/(-154)). Suppose -k = 62*s - 64*s. Calculate the highest common divisor of s and 22.
11
Let r = 60 - 39. Let x = r + 0. Calculate the highest common factor of x and 105.
21
Suppose -3*m = -5*y + 1, -5*m - 2 = -5*y - 17. What is the highest common divisor of m and 68?
4
Suppose 0 = -2*c - 5*a - 0*a + 29, 0 = a - 3. Suppose 21 = c*b - 273. What is the highest common divisor of 6 and b?
6
Let q(b) = -12*b + 4. Let w(z) = 6*z - 2. Let d(t) = -6*q(t) - 11*w(t). Let m be d(5). What is the highest common divisor of 28 and m?
28
Let i = -1 - -2. Let q be 27/(-18)*i*-2. What is the greatest common factor of q and 1?
1
Suppose 0*m = -2*m + 22. Let r = -29 - -62. Suppose -r = -3*c - b, 2*b + 11 = -0*c + c. What is the greatest common factor of m and c?
11
Let p be (145/116)/(0 - (-2)/176). Calculate the highest common divisor of p and 44.
22
Let c(b) = -3*b. Let t be c(-5). Let k = 22 - t. What is the greatest common divisor of k and 21?
7
Let h(f) = -8*f + 52. Let q be h(6). Let n = -10 + 20. Let p(t) = -t**2 + 12*t - 14. Let m be p(n). Calculate the highest common factor of q and m.
2
Let h(o) = o + 10. Let j(d) = d**2 - 3*d + 2. Let g be j(3). Let x be (20/(-12))/(g/(-6)). Let t be h(x). What is the greatest common factor of 75 and t?
15
Let m = -7018 + 7020. Suppose -14 = -5*q + 2*y, -4*y - 3 - 1 = 2*q. Calculate the highest common factor of m and q.
2
Suppose -197 = -26*s + 297. What is the greatest common divisor of s and 171?
19
Suppose -340 = 8*b - 540. Calculate the greatest common factor of b and 125.
25
Let f(z) = z**3 - 2*z**2 - 10*z - 12. Let b be f(5). What is the highest common divisor of b and 832?
13
Suppose t + 4*b - 72 = 0, 0*t + 4*b = -3*t + 184. Suppose 0 = 5*i - 24*p + 27*p - 70, 2*i = -p + 28. What is the greatest common factor of t and i?
14
Suppose j - 5 = -3. Suppose -4*p = 3*a - 78, -j*p + 6 + 0 = 0. Calculate the highest common divisor of 33 and a.
11
Let v be 2/(0 + 2/16). Suppose 9*r - 4*r - 24 = -3*g, -5*g + 5*r = 0. Suppose 4*h - 3*d = 96, -g*d + 25 = h + 1. What is the highest common factor of h and v?
8
Let p(s) = 5*s**2 + 136*s + 45. Let d be p(-27). Calculate the greatest common factor of d and 8.
2
Let h(c) = -c**2 - 10*c + 6. Let j be h(-9). Suppose -5*p = 5*a - 0*p + 70, 0 = -5*p + 5. Let g = 30 + a. What is the greatest common divisor of j and g?
15
Suppose -u - 14 = -2*w - 3*u, w + 3*u = 9. What is the greatest common factor of w and 27?
3
Let h(i) = 3*i**2 - 24*i + 2. Let s be h(8). Let m be s - (1*-13 - (-7 - -4)). What is the greatest common factor of 54 and m?
6
Let a(w) = 48*w**2 - 19. Let d be a(-3). What is the highest common factor of d and 118?
59
Let d(b) = 13*b. Let i be d(9). What is the highest common divisor of 18 and i?
9
Let b(c) = -3*c + 4. Let o be ((-8)/6)/((-18)/81). Suppose -4*d = -o + 26. Let f be b(d). What is the highest common divisor of f and 95?
19
Suppose 2*d = -3*j + 18, -j + 5*d - 3*d = -6. Let l be ((-88)/33)/((-2)/j). Calculate the greatest common divisor of 16 and l.
8
Let n be 4/15*57*(12 - 7). Calculate the highest common factor of n and 2052.
76
Suppose 10*x + 474 = 2*q, -6*q + 2*q + 970 = 2*x. Calculate the greatest common factor of q and 33.
11
Let o = 25 - 26. Let c be (0 + -4 + 1)*o. Suppose 5*b - 4*m - 154 = 0, -b - 5*m + c*m = -42. What is the greatest common divisor of b and 34?
34
Suppose -871 = -8*p + 2545. Calculate the highest common divisor of p and 122.
61
Let k(b) = b**3 + 5*b**2 + 3*b + 2. Let m be k(-3). Suppose h - 3*v = 87, 3*v = 4*h - 167 - 217. Calculate the highest common divisor of h and m.
11
Suppose 6*y - 919 = 569. What is the greatest common divisor of 8 and y?
8
Let k be -3 + 20/(-70) + (-158)/(-14). What is the greatest common divisor of k and 2056?
8
Suppose 2*v + 5*r = 133, 0*v + 5*r = 4*v - 221. Let z = v - -71. Calculate the highest common divisor of 10 and z.
10
Let i be (2 - -11)*26/13. What is the highest common factor of 39 and i?
13
Let n be 8/8 - (-1 + 0). Suppose -n*k = 3*s - 516, 4*s + s - 5*k - 835 = 0. Calculate the greatest common factor of s and 10.
10
Let t(l) = -l**2 + 5. Let s be t(0). Suppose 0 = -q + 4*q + 5*k - 123, s*q - 177 = k. What is the highest common divisor of 24 and q?
12
Let i be 4/(10 + -6) + 191. Calculate the greatest common factor of 78 and i.
6
Let d(b) = 36*b + 3. Let j be d(-2). Let u = j + 82. What is the highest common divisor of 182 and u?
13
Let o(p) = -p - 24. Let l be o(4). Let c be 5/35 + (-220)/l. Calculate the highest common factor of 8 and c.
8
Suppose 139*l = 102*l + 518. Calculate the highest common factor of 133 and l.
7
Suppose 0 = 5*c + 63 + 47. Let a